{"id":90,"date":"2026-02-23T10:31:23","date_gmt":"2026-02-23T13:31:23","guid":{"rendered":"https:\/\/egcapital.com.br\/?page_id=90"},"modified":"2026-02-23T17:03:34","modified_gmt":"2026-02-23T20:03:34","slug":"sobre","status":"publish","type":"page","link":"https:\/\/egcapital.com.br\/?page_id=90","title":{"rendered":"Sobre"},"content":{"rendered":"\t\t<div data-elementor-type=\"wp-page\" data-elementor-id=\"90\" class=\"elementor elementor-90\" data-elementor-post-type=\"page\">\n\t\t\t\t<div class=\"elementor-element elementor-element-a58b807 e-flex e-con-boxed elementor-invisible e-con e-parent\" data-id=\"a58b807\" data-element_type=\"container\" data-e-type=\"container\" data-settings=\"{&quot;animation&quot;:&quot;slideInLeft&quot;,&quot;animation_delay&quot;:0}\">\n\t\t\t\t\t<div class=\"e-con-inner\">\n\t\t\t\t<div class=\"elementor-element elementor-element-de38745 elementor-widget elementor-widget-breadcrumbs\" data-id=\"de38745\" data-element_type=\"widget\" data-e-type=\"widget\" data-widget_type=\"breadcrumbs.default\">\n\t\t\t\t\t<p id=\"breadcrumbs\"><span><span><a href=\"https:\/\/egcapital.com.br\/\">In\u00edcio<\/a><\/span><\/span><\/p>\t\t\t\t<\/div>\n\t\t\t\t<div class=\"elementor-element elementor-element-5c9a9a12 elementor-widget elementor-widget-heading\" data-id=\"5c9a9a12\" data-element_type=\"widget\" data-e-type=\"widget\" data-widget_type=\"heading.default\">\n\t\t\t\t\t<h2 class=\"elementor-heading-title elementor-size-default\">Sobre n\u00f3s <\/h2>\t\t\t\t<\/div>\n\t\t\t\t\t<\/div>\n\t\t\t\t<\/div>\n\t\t<div class=\"elementor-element elementor-element-5b1d1085 e-con-full e-flex elementor-invisible e-con e-parent\" data-id=\"5b1d1085\" data-element_type=\"container\" data-e-type=\"container\" data-settings=\"{&quot;background_background&quot;:&quot;gradient&quot;,&quot;animation&quot;:&quot;slideInUp&quot;}\">\n\t\t<div class=\"elementor-element elementor-element-7b4f46dd e-con-full e-flex e-con e-child\" data-id=\"7b4f46dd\" data-element_type=\"container\" data-e-type=\"container\">\n\t\t\t\t<div class=\"elementor-element elementor-element-6341cf1d elementor-widget elementor-widget-heading\" data-id=\"6341cf1d\" data-element_type=\"widget\" data-e-type=\"widget\" data-widget_type=\"heading.default\">\n\t\t\t\t\t<h3 class=\"elementor-heading-title elementor-size-default\">Atua\u00e7\u00e3o estrutural no ecossistema de capital imobili\u00e1rio<\/h3>\t\t\t\t<\/div>\n\t\t\t\t<div class=\"elementor-element elementor-element-5e66a30f elementor-widget elementor-widget-text-editor\" data-id=\"5e66a30f\" data-element_type=\"widget\" data-e-type=\"widget\" data-widget_type=\"text-editor.default\">\n\t\t\t\t\t\t\t\t\t<p>A EG CAP atua no desenvolvimento e no acompanhamento de estruturas de investimento aplicadas a projetos imobili\u00e1rios, ativos operacionais e portf\u00f3lios de longo prazo.<\/p><p>Nossa atua\u00e7\u00e3o abrange a arquitetura dos ve\u00edculos de investimento, a modelagem econ\u00f4mico-financeira, a estrutura\u00e7\u00e3o de instrumentos de capital e d\u00edvida, a organiza\u00e7\u00e3o societ\u00e1ria e cont\u00e1bil de SPEs, al\u00e9m da defini\u00e7\u00e3o dos mecanismos de governan\u00e7a e acompanhamento estrat\u00e9gico.<\/p><p>Participamos das decis\u00f5es que moldam a estrutura do capital e a rela\u00e7\u00e3o entre investidores, operadores e ativos. N\u00e3o executamos a opera\u00e7\u00e3o do empreendimento nem atuamos na distribui\u00e7\u00e3o de produtos financeiros.<\/p><p>Atuamos apenas em iniciativas com convic\u00e7\u00e3o estrutural, complexidade relevante e necessidade real de governan\u00e7a institucional. Nossa postura \u00e9 discreta, seletiva e orientada \u00e0 consist\u00eancia de longo prazo.<\/p>\t\t\t\t\t\t\t\t<\/div>\n\t\t\t\t<\/div>\n\t\t<div class=\"elementor-element elementor-element-1af4c4b7 e-con-full e-flex e-con e-child\" data-id=\"1af4c4b7\" data-element_type=\"container\" data-e-type=\"container\" data-settings=\"{&quot;background_background&quot;:&quot;classic&quot;}\">\n\t\t\t\t<\/div>\n\t\t\t\t<\/div>\n\t\t<div class=\"elementor-element elementor-element-3ad6a088 e-flex e-con-boxed elementor-invisible e-con e-parent\" data-id=\"3ad6a088\" data-element_type=\"container\" data-e-type=\"container\" data-settings=\"{&quot;background_background&quot;:&quot;classic&quot;,&quot;animation&quot;:&quot;slideInUp&quot;}\">\n\t\t\t\t\t<div class=\"e-con-inner\">\n\t\t\t\t<div class=\"elementor-element elementor-element-360683dc elementor-widget elementor-widget-heading\" data-id=\"360683dc\" data-element_type=\"widget\" data-e-type=\"widget\" data-widget_type=\"heading.default\">\n\t\t\t\t\t<h2 class=\"elementor-heading-title elementor-size-default\">NOSSOS PRINC\u00cdPIOS<\/h2>\t\t\t\t<\/div>\n\t\t<div class=\"elementor-element elementor-element-17e77028 e-con-full e-flex e-con e-child\" data-id=\"17e77028\" data-element_type=\"container\" data-e-type=\"container\">\n\t\t<div class=\"elementor-element elementor-element-4dfa6bb2 e-con-full animated-slow e-flex elementor-invisible e-con e-child\" data-id=\"4dfa6bb2\" data-element_type=\"container\" data-e-type=\"container\" data-settings=\"{&quot;background_background&quot;:&quot;classic&quot;,&quot;animation&quot;:&quot;slideInUp&quot;}\">\n\t\t\t\t<div class=\"elementor-element elementor-element-66b6acb elementor-view-default elementor-widget elementor-widget-icon\" data-id=\"66b6acb\" data-element_type=\"widget\" data-e-type=\"widget\" data-widget_type=\"icon.default\">\n\t\t\t\t\t\t\t<div class=\"elementor-icon-wrapper\">\n\t\t\t<div class=\"elementor-icon\">\n\t\t\t<svg aria-hidden=\"true\" class=\"e-font-icon-svg e-far-check-square\" viewBox=\"0 0 448 512\" xmlns=\"http:\/\/www.w3.org\/2000\/svg\"><path d=\"M400 32H48C21.49 32 0 53.49 0 80v352c0 26.51 21.49 48 48 48h352c26.51 0 48-21.49 48-48V80c0-26.51-21.49-48-48-48zm0 400H48V80h352v352zm-35.864-241.724L191.547 361.48c-4.705 4.667-12.303 4.637-16.97-.068l-90.781-91.516c-4.667-4.705-4.637-12.303.069-16.971l22.719-22.536c4.705-4.667 12.303-4.637 16.97.069l59.792 60.277 141.352-140.216c4.705-4.667 12.303-4.637 16.97.068l22.536 22.718c4.667 4.706 4.637 12.304-.068 16.971z\"><\/path><\/svg>\t\t\t<\/div>\n\t\t<\/div>\n\t\t\t\t\t\t<\/div>\n\t\t\t\t<div class=\"elementor-element elementor-element-bf4a7f7 elementor-widget elementor-widget-heading\" data-id=\"bf4a7f7\" data-element_type=\"widget\" data-e-type=\"widget\" data-widget_type=\"heading.default\">\n\t\t\t\t\t<h2 class=\"elementor-heading-title elementor-size-default\">Estrutura\u00e7\u00e3o de ve\u00edculos e arquiteturas de capital<\/h2>\t\t\t\t<\/div>\n\t\t\t\t<\/div>\n\t\t<div class=\"elementor-element elementor-element-38043f3 e-con-full animated-slow e-flex elementor-invisible e-con e-child\" data-id=\"38043f3\" data-element_type=\"container\" data-e-type=\"container\" data-settings=\"{&quot;background_background&quot;:&quot;classic&quot;,&quot;animation&quot;:&quot;slideInUp&quot;}\">\n\t\t\t\t<div class=\"elementor-element elementor-element-28d7eff elementor-view-default elementor-widget elementor-widget-icon\" data-id=\"28d7eff\" data-element_type=\"widget\" data-e-type=\"widget\" data-widget_type=\"icon.default\">\n\t\t\t\t\t\t\t<div class=\"elementor-icon-wrapper\">\n\t\t\t<div class=\"elementor-icon\">\n\t\t\t<svg aria-hidden=\"true\" class=\"e-font-icon-svg e-far-check-square\" viewBox=\"0 0 448 512\" xmlns=\"http:\/\/www.w3.org\/2000\/svg\"><path d=\"M400 32H48C21.49 32 0 53.49 0 80v352c0 26.51 21.49 48 48 48h352c26.51 0 48-21.49 48-48V80c0-26.51-21.49-48-48-48zm0 400H48V80h352v352zm-35.864-241.724L191.547 361.48c-4.705 4.667-12.303 4.637-16.97-.068l-90.781-91.516c-4.667-4.705-4.637-12.303.069-16.971l22.719-22.536c4.705-4.667 12.303-4.637 16.97.069l59.792 60.277 141.352-140.216c4.705-4.667 12.303-4.637 16.97.068l22.536 22.718c4.667 4.706 4.637 12.304-.068 16.971z\"><\/path><\/svg>\t\t\t<\/div>\n\t\t<\/div>\n\t\t\t\t\t\t<\/div>\n\t\t\t\t<div class=\"elementor-element elementor-element-f0e764e elementor-widget elementor-widget-heading\" data-id=\"f0e764e\" data-element_type=\"widget\" data-e-type=\"widget\" data-widget_type=\"heading.default\">\n\t\t\t\t\t<h2 class=\"elementor-heading-title elementor-size-default\">Organiza\u00e7\u00e3o societ\u00e1ria e cont\u00e1bil de projetos e SPEs<\/h2>\t\t\t\t<\/div>\n\t\t\t\t<\/div>\n\t\t<div class=\"elementor-element elementor-element-838e64d e-con-full animated-slow e-flex elementor-invisible e-con e-child\" data-id=\"838e64d\" data-element_type=\"container\" data-e-type=\"container\" data-settings=\"{&quot;background_background&quot;:&quot;classic&quot;,&quot;animation&quot;:&quot;slideInUp&quot;}\">\n\t\t\t\t<div class=\"elementor-element elementor-element-9da524d elementor-view-default elementor-widget elementor-widget-icon\" data-id=\"9da524d\" data-element_type=\"widget\" data-e-type=\"widget\" data-widget_type=\"icon.default\">\n\t\t\t\t\t\t\t<div class=\"elementor-icon-wrapper\">\n\t\t\t<div class=\"elementor-icon\">\n\t\t\t<svg aria-hidden=\"true\" class=\"e-font-icon-svg e-far-check-square\" viewBox=\"0 0 448 512\" xmlns=\"http:\/\/www.w3.org\/2000\/svg\"><path d=\"M400 32H48C21.49 32 0 53.49 0 80v352c0 26.51 21.49 48 48 48h352c26.51 0 48-21.49 48-48V80c0-26.51-21.49-48-48-48zm0 400H48V80h352v352zm-35.864-241.724L191.547 361.48c-4.705 4.667-12.303 4.637-16.97-.068l-90.781-91.516c-4.667-4.705-4.637-12.303.069-16.971l22.719-22.536c4.705-4.667 12.303-4.637 16.97.069l59.792 60.277 141.352-140.216c4.705-4.667 12.303-4.637 16.97.068l22.536 22.718c4.667 4.706 4.637 12.304-.068 16.971z\"><\/path><\/svg>\t\t\t<\/div>\n\t\t<\/div>\n\t\t\t\t\t\t<\/div>\n\t\t\t\t<div class=\"elementor-element elementor-element-9c3b179 elementor-widget elementor-widget-heading\" data-id=\"9c3b179\" data-element_type=\"widget\" data-e-type=\"widget\" data-widget_type=\"heading.default\">\n\t\t\t\t\t<h2 class=\"elementor-heading-title elementor-size-default\">Defini\u00e7\u00e3o de instrumentos de capital e d\u00edvida<\/h2>\t\t\t\t<\/div>\n\t\t\t\t<\/div>\n\t\t<div class=\"elementor-element elementor-element-ac057aa e-con-full animated-slow e-flex elementor-invisible e-con e-child\" data-id=\"ac057aa\" data-element_type=\"container\" data-e-type=\"container\" data-settings=\"{&quot;background_background&quot;:&quot;classic&quot;,&quot;animation&quot;:&quot;slideInUp&quot;}\">\n\t\t\t\t<div class=\"elementor-element elementor-element-094a740 elementor-view-default elementor-widget elementor-widget-icon\" data-id=\"094a740\" data-element_type=\"widget\" data-e-type=\"widget\" data-widget_type=\"icon.default\">\n\t\t\t\t\t\t\t<div class=\"elementor-icon-wrapper\">\n\t\t\t<div class=\"elementor-icon\">\n\t\t\t<svg aria-hidden=\"true\" class=\"e-font-icon-svg e-far-check-square\" viewBox=\"0 0 448 512\" xmlns=\"http:\/\/www.w3.org\/2000\/svg\"><path d=\"M400 32H48C21.49 32 0 53.49 0 80v352c0 26.51 21.49 48 48 48h352c26.51 0 48-21.49 48-48V80c0-26.51-21.49-48-48-48zm0 400H48V80h352v352zm-35.864-241.724L191.547 361.48c-4.705 4.667-12.303 4.637-16.97-.068l-90.781-91.516c-4.667-4.705-4.637-12.303.069-16.971l22.719-22.536c4.705-4.667 12.303-4.637 16.97.069l59.792 60.277 141.352-140.216c4.705-4.667 12.303-4.637 16.97.068l22.536 22.718c4.667 4.706 4.637 12.304-.068 16.971z\"><\/path><\/svg>\t\t\t<\/div>\n\t\t<\/div>\n\t\t\t\t\t\t<\/div>\n\t\t\t\t<div class=\"elementor-element elementor-element-40a6546 elementor-widget elementor-widget-heading\" data-id=\"40a6546\" data-element_type=\"widget\" data-e-type=\"widget\" data-widget_type=\"heading.default\">\n\t\t\t\t\t<h2 class=\"elementor-heading-title elementor-size-default\">Governan\u00e7a e disciplina decis\u00f3ria<\/h2>\t\t\t\t<\/div>\n\t\t\t\t<\/div>\n\t\t<div class=\"elementor-element elementor-element-5f692d0 e-con-full animated-slow e-flex elementor-invisible e-con e-child\" data-id=\"5f692d0\" data-element_type=\"container\" data-e-type=\"container\" data-settings=\"{&quot;background_background&quot;:&quot;classic&quot;,&quot;animation&quot;:&quot;slideInUp&quot;}\">\n\t\t\t\t<div class=\"elementor-element elementor-element-265bf2d elementor-view-default elementor-widget elementor-widget-icon\" data-id=\"265bf2d\" data-element_type=\"widget\" data-e-type=\"widget\" data-widget_type=\"icon.default\">\n\t\t\t\t\t\t\t<div class=\"elementor-icon-wrapper\">\n\t\t\t<div class=\"elementor-icon\">\n\t\t\t<svg aria-hidden=\"true\" class=\"e-font-icon-svg e-far-check-square\" viewBox=\"0 0 448 512\" xmlns=\"http:\/\/www.w3.org\/2000\/svg\"><path d=\"M400 32H48C21.49 32 0 53.49 0 80v352c0 26.51 21.49 48 48 48h352c26.51 0 48-21.49 48-48V80c0-26.51-21.49-48-48-48zm0 400H48V80h352v352zm-35.864-241.724L191.547 361.48c-4.705 4.667-12.303 4.637-16.97-.068l-90.781-91.516c-4.667-4.705-4.637-12.303.069-16.971l22.719-22.536c4.705-4.667 12.303-4.637 16.97.069l59.792 60.277 141.352-140.216c4.705-4.667 12.303-4.637 16.97.068l22.536 22.718c4.667 4.706 4.637 12.304-.068 16.971z\"><\/path><\/svg>\t\t\t<\/div>\n\t\t<\/div>\n\t\t\t\t\t\t<\/div>\n\t\t\t\t<div class=\"elementor-element elementor-element-45d9423 elementor-widget elementor-widget-heading\" data-id=\"45d9423\" data-element_type=\"widget\" data-e-type=\"widget\" data-widget_type=\"heading.default\">\n\t\t\t\t\t<h2 class=\"elementor-heading-title elementor-size-default\">Acompanhamento cont\u00ednuo ao longo do ciclo do ativo<\/h2>\t\t\t\t<\/div>\n\t\t\t\t<\/div>\n\t\t\t\t<\/div>\n\t\t\t\t\t<\/div>\n\t\t\t\t<\/div>\n\t\t<div class=\"elementor-element elementor-element-6dade404 e-flex e-con-boxed e-con e-parent\" data-id=\"6dade404\" data-element_type=\"container\" data-e-type=\"container\" data-settings=\"{&quot;background_background&quot;:&quot;gradient&quot;}\">\n\t\t\t\t\t<div class=\"e-con-inner\">\n\t\t\t\t<div class=\"elementor-element elementor-element-12ff12df elementor-view-default elementor-position-block-start elementor-mobile-position-block-start elementor-widget elementor-widget-icon-box\" data-id=\"12ff12df\" data-element_type=\"widget\" data-e-type=\"widget\" data-widget_type=\"icon-box.default\">\n\t\t\t\t\t\t\t<div class=\"elementor-icon-box-wrapper\">\n\n\t\t\t\t\t\t<div class=\"elementor-icon-box-icon\">\n\t\t\t\t<span  class=\"elementor-icon\">\n\t\t\t\t<svg aria-hidden=\"true\" class=\"e-font-icon-svg e-fas-quote-left\" viewBox=\"0 0 512 512\" xmlns=\"http:\/\/www.w3.org\/2000\/svg\"><path d=\"M464 256h-80v-64c0-35.3 28.7-64 64-64h8c13.3 0 24-10.7 24-24V56c0-13.3-10.7-24-24-24h-8c-88.4 0-160 71.6-160 160v240c0 26.5 21.5 48 48 48h128c26.5 0 48-21.5 48-48V304c0-26.5-21.5-48-48-48zm-288 0H96v-64c0-35.3 28.7-64 64-64h8c13.3 0 24-10.7 24-24V56c0-13.3-10.7-24-24-24h-8C71.6 32 0 103.6 0 192v240c0 26.5 21.5 48 48 48h128c26.5 0 48-21.5 48-48V304c0-26.5-21.5-48-48-48z\"><\/path><\/svg>\t\t\t\t<\/span>\n\t\t\t<\/div>\n\t\t\t\n\t\t\t\t\t\t<div class=\"elementor-icon-box-content\">\n\n\t\t\t\t\t\t\t\t\t<h3 class=\"elementor-icon-box-title\">\n\t\t\t\t\t\t<span  >\n\t\t\t\t\t\t\tCapital bem estruturado sustenta decis\u00f5es consistentes.\t\t\t\t\t\t<\/span>\n\t\t\t\t\t<\/h3>\n\t\t\t\t\n\t\t\t\t\n\t\t\t<\/div>\n\t\t\t\n\t\t<\/div>\n\t\t\t\t\t\t<\/div>\n\t\t\t\t\t<\/div>\n\t\t\t\t<\/div>\n\t\t\t\t<\/div>\n\t\t","protected":false},"excerpt":{"rendered":"<p>Sobre n\u00f3s Atua\u00e7\u00e3o estrutural no ecossistema de capital imobili\u00e1rio A EG CAP atua no desenvolvimento e no acompanhamento de estruturas de investimento aplicadas a projetos imobili\u00e1rios, ativos operacionais e portf\u00f3lios de longo prazo. Nossa atua\u00e7\u00e3o abrange a arquitetura dos ve\u00edculos de investimento, a modelagem econ\u00f4mico-financeira, a estrutura\u00e7\u00e3o de instrumentos de capital e d\u00edvida, a organiza\u00e7\u00e3o [&hellip;]<\/p>\n","protected":false},"author":1,"featured_media":0,"parent":0,"menu_order":0,"comment_status":"closed","ping_status":"closed","template":"elementor_header_footer","meta":{"footnotes":""},"class_list":["post-90","page","type-page","status-publish","hentry"],"yoast_head":"<!-- This site is optimized with the Yoast SEO plugin v27.0 - https:\/\/yoast.com\/product\/yoast-seo-wordpress\/ -->\n<title>Sobre - EG CAP<\/title>\n<meta name=\"robots\" content=\"index, follow, max-snippet:-1, max-image-preview:large, max-video-preview:-1\" \/>\n<link rel=\"canonical\" href=\"https:\/\/egcapital.com.br\/?page_id=90\" \/>\n<meta property=\"og:locale\" content=\"pt_BR\" \/>\n<meta property=\"og:type\" content=\"article\" \/>\n<meta property=\"og:title\" content=\"Sobre - EG CAP\" \/>\n<meta property=\"og:description\" content=\"Sobre n\u00f3s Atua\u00e7\u00e3o estrutural no ecossistema de capital imobili\u00e1rio A EG CAP atua no desenvolvimento e no acompanhamento de estruturas de investimento aplicadas a projetos imobili\u00e1rios, ativos operacionais e portf\u00f3lios de longo prazo. Nossa atua\u00e7\u00e3o abrange a arquitetura dos ve\u00edculos de investimento, a modelagem econ\u00f4mico-financeira, a estrutura\u00e7\u00e3o de instrumentos de capital e d\u00edvida, a organiza\u00e7\u00e3o [&hellip;]\" \/>\n<meta property=\"og:url\" content=\"https:\/\/egcapital.com.br\/?page_id=90\" \/>\n<meta property=\"og:site_name\" content=\"EG CAP\" \/>\n<meta property=\"article:modified_time\" content=\"2026-02-23T20:03:34+00:00\" \/>\n<meta name=\"twitter:card\" content=\"summary_large_image\" \/>\n<meta name=\"twitter:label1\" content=\"Est. tempo de leitura\" \/>\n\t<meta name=\"twitter:data1\" content=\"1 minuto\" \/>\n<script type=\"application\/ld+json\" class=\"yoast-schema-graph\">{\"@context\":\"https:\/\/schema.org\",\"@graph\":[{\"@type\":\"WebPage\",\"@id\":\"https:\/\/egcapital.com.br\/?page_id=90\",\"url\":\"https:\/\/egcapital.com.br\/?page_id=90\",\"name\":\"Sobre - EG CAP\",\"isPartOf\":{\"@id\":\"https:\/\/egcapital.com.br\/#website\"},\"datePublished\":\"2026-02-23T13:31:23+00:00\",\"dateModified\":\"2026-02-23T20:03:34+00:00\",\"breadcrumb\":{\"@id\":\"https:\/\/egcapital.com.br\/?page_id=90#breadcrumb\"},\"inLanguage\":\"pt-BR\",\"potentialAction\":[{\"@type\":\"ReadAction\",\"target\":[\"https:\/\/egcapital.com.br\/?page_id=90\"]}]},{\"@type\":\"BreadcrumbList\",\"@id\":\"https:\/\/egcapital.com.br\/?page_id=90#breadcrumb\",\"itemListElement\":[{\"@type\":\"ListItem\",\"position\":1,\"name\":\"In\u00edcio\",\"item\":\"https:\/\/egcapital.com.br\/\"},{\"@type\":\"ListItem\",\"position\":2,\"name\":\"Sobre\"}]},{\"@type\":\"WebSite\",\"@id\":\"https:\/\/egcapital.com.br\/#website\",\"url\":\"https:\/\/egcapital.com.br\/\",\"name\":\"EG CAP\",\"description\":\"Estruturas de investimento imobili\u00e1rio com vis\u00e3o propriet\u00e1ria de longo prazo\",\"publisher\":{\"@id\":\"https:\/\/egcapital.com.br\/#organization\"},\"potentialAction\":[{\"@type\":\"SearchAction\",\"target\":{\"@type\":\"EntryPoint\",\"urlTemplate\":\"https:\/\/egcapital.com.br\/?s={search_term_string}\"},\"query-input\":{\"@type\":\"PropertyValueSpecification\",\"valueRequired\":true,\"valueName\":\"search_term_string\"}}],\"inLanguage\":\"pt-BR\"},{\"@type\":\"Organization\",\"@id\":\"https:\/\/egcapital.com.br\/#organization\",\"name\":\"EG CAP\",\"url\":\"https:\/\/egcapital.com.br\/\",\"logo\":{\"@type\":\"ImageObject\",\"inLanguage\":\"pt-BR\",\"@id\":\"https:\/\/egcapital.com.br\/#\/schema\/logo\/image\/\",\"url\":\"https:\/\/egcapital.com.br\/wp-content\/uploads\/2026\/02\/cropped-Design-sem-nome-7.png\",\"contentUrl\":\"https:\/\/egcapital.com.br\/wp-content\/uploads\/2026\/02\/cropped-Design-sem-nome-7.png\",\"width\":1641,\"height\":1131,\"caption\":\"EG CAP\"},\"image\":{\"@id\":\"https:\/\/egcapital.com.br\/#\/schema\/logo\/image\/\"}}]}<\/script>\n<!-- \/ Yoast SEO plugin. -->","yoast_head_json":{"title":"Sobre - EG CAP","robots":{"index":"index","follow":"follow","max-snippet":"max-snippet:-1","max-image-preview":"max-image-preview:large","max-video-preview":"max-video-preview:-1"},"canonical":"https:\/\/egcapital.com.br\/?page_id=90","og_locale":"pt_BR","og_type":"article","og_title":"Sobre - EG CAP","og_description":"Sobre n\u00f3s Atua\u00e7\u00e3o estrutural no ecossistema de capital imobili\u00e1rio A EG CAP atua no desenvolvimento e no acompanhamento de estruturas de investimento aplicadas a projetos imobili\u00e1rios, ativos operacionais e portf\u00f3lios de longo prazo. Nossa atua\u00e7\u00e3o abrange a arquitetura dos ve\u00edculos de investimento, a modelagem econ\u00f4mico-financeira, a estrutura\u00e7\u00e3o de instrumentos de capital e d\u00edvida, a organiza\u00e7\u00e3o [&hellip;]","og_url":"https:\/\/egcapital.com.br\/?page_id=90","og_site_name":"EG CAP","article_modified_time":"2026-02-23T20:03:34+00:00","twitter_card":"summary_large_image","twitter_misc":{"Est. tempo de leitura":"1 minuto"},"schema":{"@context":"https:\/\/schema.org","@graph":[{"@type":"WebPage","@id":"https:\/\/egcapital.com.br\/?page_id=90","url":"https:\/\/egcapital.com.br\/?page_id=90","name":"Sobre - EG CAP","isPartOf":{"@id":"https:\/\/egcapital.com.br\/#website"},"datePublished":"2026-02-23T13:31:23+00:00","dateModified":"2026-02-23T20:03:34+00:00","breadcrumb":{"@id":"https:\/\/egcapital.com.br\/?page_id=90#breadcrumb"},"inLanguage":"pt-BR","potentialAction":[{"@type":"ReadAction","target":["https:\/\/egcapital.com.br\/?page_id=90"]}]},{"@type":"BreadcrumbList","@id":"https:\/\/egcapital.com.br\/?page_id=90#breadcrumb","itemListElement":[{"@type":"ListItem","position":1,"name":"In\u00edcio","item":"https:\/\/egcapital.com.br\/"},{"@type":"ListItem","position":2,"name":"Sobre"}]},{"@type":"WebSite","@id":"https:\/\/egcapital.com.br\/#website","url":"https:\/\/egcapital.com.br\/","name":"EG CAP","description":"Estruturas de investimento imobili\u00e1rio com vis\u00e3o propriet\u00e1ria de longo prazo","publisher":{"@id":"https:\/\/egcapital.com.br\/#organization"},"potentialAction":[{"@type":"SearchAction","target":{"@type":"EntryPoint","urlTemplate":"https:\/\/egcapital.com.br\/?s={search_term_string}"},"query-input":{"@type":"PropertyValueSpecification","valueRequired":true,"valueName":"search_term_string"}}],"inLanguage":"pt-BR"},{"@type":"Organization","@id":"https:\/\/egcapital.com.br\/#organization","name":"EG CAP","url":"https:\/\/egcapital.com.br\/","logo":{"@type":"ImageObject","inLanguage":"pt-BR","@id":"https:\/\/egcapital.com.br\/#\/schema\/logo\/image\/","url":"https:\/\/egcapital.com.br\/wp-content\/uploads\/2026\/02\/cropped-Design-sem-nome-7.png","contentUrl":"https:\/\/egcapital.com.br\/wp-content\/uploads\/2026\/02\/cropped-Design-sem-nome-7.png","width":1641,"height":1131,"caption":"EG CAP"},"image":{"@id":"https:\/\/egcapital.com.br\/#\/schema\/logo\/image\/"}}]}},"_links":{"self":[{"href":"https:\/\/egcapital.com.br\/index.php?rest_route=\/wp\/v2\/pages\/90","targetHints":{"allow":["GET"]}}],"collection":[{"href":"https:\/\/egcapital.com.br\/index.php?rest_route=\/wp\/v2\/pages"}],"about":[{"href":"https:\/\/egcapital.com.br\/index.php?rest_route=\/wp\/v2\/types\/page"}],"author":[{"embeddable":true,"href":"https:\/\/egcapital.com.br\/index.php?rest_route=\/wp\/v2\/users\/1"}],"replies":[{"embeddable":true,"href":"https:\/\/egcapital.com.br\/index.php?rest_route=%2Fwp%2Fv2%2Fcomments&post=90"}],"version-history":[{"count":48,"href":"https:\/\/egcapital.com.br\/index.php?rest_route=\/wp\/v2\/pages\/90\/revisions"}],"predecessor-version":[{"id":291,"href":"https:\/\/egcapital.com.br\/index.php?rest_route=\/wp\/v2\/pages\/90\/revisions\/291"}],"wp:attachment":[{"href":"https:\/\/egcapital.com.br\/index.php?rest_route=%2Fwp%2Fv2%2Fmedia&parent=90"}],"curies":[{"name":"wp","href":"https:\/\/api.w.org\/{rel}","templated":true}]}}