{"id":35,"date":"2026-02-23T09:46:24","date_gmt":"2026-02-23T12:46:24","guid":{"rendered":"https:\/\/egcapital.com.br\/?page_id=35"},"modified":"2026-02-23T17:01:28","modified_gmt":"2026-02-23T20:01:28","slug":"home","status":"publish","type":"page","link":"https:\/\/egcapital.com.br\/","title":{"rendered":"In\u00edcio"},"content":{"rendered":"\t\t<div data-elementor-type=\"wp-page\" data-elementor-id=\"35\" class=\"elementor elementor-35\" data-elementor-post-type=\"page\">\n\t\t\t\t<div class=\"elementor-element elementor-element-6f560e9b e-con-full e-flex elementor-invisible e-con e-parent\" data-id=\"6f560e9b\" data-element_type=\"container\" data-e-type=\"container\" data-settings=\"{&quot;background_background&quot;:&quot;video&quot;,&quot;background_video_link&quot;:&quot;https:\\\/\\\/www.pexels.com\\\/pt-br\\\/download\\\/video\\\/5519942\\\/&quot;,&quot;animation&quot;:&quot;fadeInUp&quot;,&quot;background_play_on_mobile&quot;:&quot;yes&quot;}\">\n\t\t<div class=\"elementor-background-video-container\">\n\t\t\t\t\t\t\t<video class=\"elementor-background-video-hosted\" role=\"presentation\" autoplay muted playsinline loop><\/video>\n\t\t\t\t\t<\/div>\t\t<div class=\"elementor-element elementor-element-506ff16b elementor-widget elementor-widget-heading\" data-id=\"506ff16b\" data-element_type=\"widget\" data-e-type=\"widget\" data-widget_type=\"heading.default\">\n\t\t\t\t\t<h1 class=\"elementor-heading-title elementor-size-default\">Estruturas de investimento imobili\u00e1rio com vis\u00e3o propriet\u00e1ria de longo prazo<\/h1>\t\t\t\t<\/div>\n\t\t\t\t<div class=\"elementor-element elementor-element-ce12859 elementor-widget__width-initial elementor-widget-mobile__width-inherit elementor-widget elementor-widget-text-editor\" data-id=\"ce12859\" data-element_type=\"widget\" data-e-type=\"widget\" data-widget_type=\"text-editor.default\">\n\t\t\t\t\t\t\t\t\t<p>Desenvolvemos e acompanhamos estruturas de capital para projetos imobili\u00e1rios, integrando mercado de capitais, governan\u00e7a societ\u00e1ria e disciplina financeira.<\/p>\t\t\t\t\t\t\t\t<\/div>\n\t\t\t\t<div class=\"elementor-element elementor-element-3819952 e-transform elementor-invisible elementor-widget elementor-widget-button\" data-id=\"3819952\" data-element_type=\"widget\" data-e-type=\"widget\" data-settings=\"{&quot;_animation&quot;:&quot;slideInLeft&quot;,&quot;_transform_scale_effect_hover&quot;:{&quot;unit&quot;:&quot;px&quot;,&quot;size&quot;:1.05,&quot;sizes&quot;:[]},&quot;_transform_scale_effect_hover_tablet&quot;:{&quot;unit&quot;:&quot;px&quot;,&quot;size&quot;:&quot;&quot;,&quot;sizes&quot;:[]},&quot;_transform_scale_effect_hover_mobile&quot;:{&quot;unit&quot;:&quot;px&quot;,&quot;size&quot;:&quot;&quot;,&quot;sizes&quot;:[]}}\" data-widget_type=\"button.default\">\n\t\t\t\t\t\t\t\t\t\t<a class=\"elementor-button elementor-button-link elementor-size-sm\" href=\"#\">\n\t\t\t\t\t\t<span class=\"elementor-button-content-wrapper\">\n\t\t\t\t\t\t<span class=\"elementor-button-icon\">\n\t\t\t\t<svg aria-hidden=\"true\" class=\"e-font-icon-svg e-far-arrow-alt-circle-right\" viewBox=\"0 0 512 512\" xmlns=\"http:\/\/www.w3.org\/2000\/svg\"><path d=\"M504 256C504 119 393 8 256 8S8 119 8 256s111 248 248 248 248-111 248-248zm-448 0c0-110.5 89.5-200 200-200s200 89.5 200 200-89.5 200-200 200S56 366.5 56 256zm72 20v-40c0-6.6 5.4-12 12-12h116v-67c0-10.7 12.9-16 20.5-8.5l99 99c4.7 4.7 4.7 12.3 0 17l-99 99c-7.6 7.6-20.5 2.2-20.5-8.5v-67H140c-6.6 0-12-5.4-12-12z\"><\/path><\/svg>\t\t\t<\/span>\n\t\t\t\t\t\t\t\t\t<span class=\"elementor-button-text\">Sobre n\u00f3s<\/span>\n\t\t\t\t\t<\/span>\n\t\t\t\t\t<\/a>\n\t\t\t\t\t\t\t\t<\/div>\n\t\t\t\t<\/div>\n\t\t<div class=\"elementor-element elementor-element-f429034 e-con-full e-flex elementor-invisible e-con e-parent\" data-id=\"f429034\" data-element_type=\"container\" data-e-type=\"container\" data-settings=\"{&quot;background_background&quot;:&quot;classic&quot;,&quot;animation&quot;:&quot;fadeInUp&quot;}\">\n\t\t<div class=\"elementor-element elementor-element-1734958c e-con-full e-flex e-con e-child\" data-id=\"1734958c\" data-element_type=\"container\" data-e-type=\"container\">\n\t\t\t\t<div class=\"elementor-element elementor-element-5468b029 elementor-widget__width-inherit elementor-widget-divider--view-line elementor-invisible elementor-widget elementor-widget-divider\" data-id=\"5468b029\" data-element_type=\"widget\" data-e-type=\"widget\" data-settings=\"{&quot;_animation&quot;:&quot;fadeInLeft&quot;}\" data-widget_type=\"divider.default\">\n\t\t\t\t\t\t\t<div class=\"elementor-divider\">\n\t\t\t<span class=\"elementor-divider-separator\">\n\t\t\t\t\t\t<\/span>\n\t\t<\/div>\n\t\t\t\t\t\t<\/div>\n\t\t\t\t<div class=\"elementor-element elementor-element-1822b941 elementor-widget__width-initial elementor-widget-tablet__width-inherit elementor-widget elementor-widget-heading\" data-id=\"1822b941\" data-element_type=\"widget\" data-e-type=\"widget\" data-widget_type=\"heading.default\">\n\t\t\t\t\t<h2 class=\"elementor-heading-title elementor-size-default\">Capital exige disciplina estrutural<\/h2>\t\t\t\t<\/div>\n\t\t\t\t<div class=\"elementor-element elementor-element-3ce4a20e elementor-widget__width-initial elementor-widget-tablet__width-inherit elementor-widget elementor-widget-text-editor\" data-id=\"3ce4a20e\" data-element_type=\"widget\" data-e-type=\"widget\" data-widget_type=\"text-editor.default\">\n\t\t\t\t\t\t\t\t\t<p>A EG CAP atua na concep\u00e7\u00e3o, estrutura\u00e7\u00e3o e acompanhamento de estruturas de investimento voltadas ao setor imobili\u00e1rio e ativos reais.<\/p><p>Nossa atua\u00e7\u00e3o envolve a defini\u00e7\u00e3o de ve\u00edculos de investimento, instrumentos de d\u00edvida, arranjos societ\u00e1rios, governan\u00e7a e mecanismos de acompanhamento econ\u00f4mico-financeiro ao longo de todo o ciclo do projeto.<\/p><p>Trabalhamos no n\u00edvel estrutural das decis\u00f5es: como o capital \u00e9 organizado, como o risco \u00e9 distribu\u00eddo, como os fluxos s\u00e3o protegidos e como a governan\u00e7a sustenta a previsibilidade e a preserva\u00e7\u00e3o de valor no tempo.<\/p><p><strong><u>N\u00e3o operamos como intermedi\u00e1rios, distribuidores ou gestores operacionais. Nossa presen\u00e7a \u00e9 estrutural, seletiva e orientada por convic\u00e7\u00e3o de longo prazo<\/u>.<\/strong><\/p><p>\u00a0<\/p>\t\t\t\t\t\t\t\t<\/div>\n\t\t\t\t<\/div>\n\t\t\t\t<\/div>\n\t\t<div class=\"elementor-element elementor-element-7fb7d42b e-con-full e-flex elementor-invisible e-con e-parent\" data-id=\"7fb7d42b\" data-element_type=\"container\" data-e-type=\"container\" data-settings=\"{&quot;motion_fx_motion_fx_mouse&quot;:&quot;yes&quot;,&quot;animation&quot;:&quot;fadeInUp&quot;}\">\n\t\t\t\t<div class=\"elementor-element elementor-element-103b6785 elementor-invisible elementor-widget elementor-widget-heading\" data-id=\"103b6785\" data-element_type=\"widget\" data-e-type=\"widget\" data-settings=\"{&quot;_animation&quot;:&quot;fadeInUp&quot;,&quot;motion_fx_motion_fx_scrolling&quot;:&quot;yes&quot;,&quot;motion_fx_devices&quot;:[&quot;desktop&quot;,&quot;tablet&quot;,&quot;mobile&quot;]}\" data-widget_type=\"heading.default\">\n\t\t\t\t\t<h3 class=\"elementor-heading-title elementor-size-default\">Estrutura, governan\u00e7a e disciplina precedem resultado.<\/h3>\t\t\t\t<\/div>\n\t\t\t\t<\/div>\n\t\t\t\t<\/div>\n\t\t","protected":false},"excerpt":{"rendered":"<p>Estruturas de investimento imobili\u00e1rio com vis\u00e3o propriet\u00e1ria de longo prazo Desenvolvemos e acompanhamos estruturas de capital para projetos imobili\u00e1rios, integrando mercado de capitais, governan\u00e7a societ\u00e1ria e disciplina financeira. Sobre n\u00f3s Capital exige disciplina estrutural A EG CAP atua na concep\u00e7\u00e3o, estrutura\u00e7\u00e3o e acompanhamento de estruturas de investimento voltadas ao setor imobili\u00e1rio e ativos reais. Nossa [&hellip;]<\/p>\n","protected":false},"author":1,"featured_media":0,"parent":0,"menu_order":0,"comment_status":"closed","ping_status":"closed","template":"elementor_header_footer","meta":{"footnotes":""},"class_list":["post-35","page","type-page","status-publish","hentry"],"yoast_head":"<!-- This site is optimized with the Yoast SEO plugin v27.0 - https:\/\/yoast.com\/product\/yoast-seo-wordpress\/ -->\n<title>In\u00edcio - EG CAP<\/title>\n<meta name=\"robots\" content=\"index, follow, max-snippet:-1, max-image-preview:large, max-video-preview:-1\" \/>\n<link rel=\"canonical\" href=\"https:\/\/egcapital.com.br\/\" \/>\n<meta property=\"og:locale\" content=\"pt_BR\" \/>\n<meta property=\"og:type\" content=\"article\" \/>\n<meta property=\"og:title\" content=\"In\u00edcio - EG CAP\" \/>\n<meta property=\"og:description\" content=\"Estruturas de investimento imobili\u00e1rio com vis\u00e3o propriet\u00e1ria de longo prazo Desenvolvemos e acompanhamos estruturas de capital para projetos imobili\u00e1rios, integrando mercado de capitais, governan\u00e7a societ\u00e1ria e disciplina financeira. Sobre n\u00f3s Capital exige disciplina estrutural A EG CAP atua na concep\u00e7\u00e3o, estrutura\u00e7\u00e3o e acompanhamento de estruturas de investimento voltadas ao setor imobili\u00e1rio e ativos reais. Nossa [&hellip;]\" \/>\n<meta property=\"og:url\" content=\"https:\/\/egcapital.com.br\/\" \/>\n<meta property=\"og:site_name\" content=\"EG CAP\" \/>\n<meta property=\"article:modified_time\" content=\"2026-02-23T20:01:28+00:00\" \/>\n<meta name=\"twitter:card\" content=\"summary_large_image\" \/>\n<meta name=\"twitter:label1\" content=\"Est. tempo de leitura\" \/>\n\t<meta name=\"twitter:data1\" content=\"1 minuto\" \/>\n<script type=\"application\/ld+json\" class=\"yoast-schema-graph\">{\"@context\":\"https:\/\/schema.org\",\"@graph\":[{\"@type\":\"WebPage\",\"@id\":\"https:\/\/egcapital.com.br\/\",\"url\":\"https:\/\/egcapital.com.br\/\",\"name\":\"In\u00edcio - EG CAP\",\"isPartOf\":{\"@id\":\"https:\/\/egcapital.com.br\/#website\"},\"datePublished\":\"2026-02-23T12:46:24+00:00\",\"dateModified\":\"2026-02-23T20:01:28+00:00\",\"breadcrumb\":{\"@id\":\"https:\/\/egcapital.com.br\/#breadcrumb\"},\"inLanguage\":\"pt-BR\",\"potentialAction\":[{\"@type\":\"ReadAction\",\"target\":[\"https:\/\/egcapital.com.br\/\"]}]},{\"@type\":\"BreadcrumbList\",\"@id\":\"https:\/\/egcapital.com.br\/#breadcrumb\",\"itemListElement\":[{\"@type\":\"ListItem\",\"position\":1,\"name\":\"In\u00edcio\",\"item\":\"https:\/\/egcapital.com.br\/\"},{\"@type\":\"ListItem\",\"position\":2,\"name\":\"In\u00edcio\"}]},{\"@type\":\"WebSite\",\"@id\":\"https:\/\/egcapital.com.br\/#website\",\"url\":\"https:\/\/egcapital.com.br\/\",\"name\":\"EG CAP\",\"description\":\"Estruturas de investimento imobili\u00e1rio com vis\u00e3o propriet\u00e1ria de longo prazo\",\"publisher\":{\"@id\":\"https:\/\/egcapital.com.br\/#organization\"},\"potentialAction\":[{\"@type\":\"SearchAction\",\"target\":{\"@type\":\"EntryPoint\",\"urlTemplate\":\"https:\/\/egcapital.com.br\/?s={search_term_string}\"},\"query-input\":{\"@type\":\"PropertyValueSpecification\",\"valueRequired\":true,\"valueName\":\"search_term_string\"}}],\"inLanguage\":\"pt-BR\"},{\"@type\":\"Organization\",\"@id\":\"https:\/\/egcapital.com.br\/#organization\",\"name\":\"EG CAP\",\"url\":\"https:\/\/egcapital.com.br\/\",\"logo\":{\"@type\":\"ImageObject\",\"inLanguage\":\"pt-BR\",\"@id\":\"https:\/\/egcapital.com.br\/#\/schema\/logo\/image\/\",\"url\":\"https:\/\/egcapital.com.br\/wp-content\/uploads\/2026\/02\/cropped-Design-sem-nome-7.png\",\"contentUrl\":\"https:\/\/egcapital.com.br\/wp-content\/uploads\/2026\/02\/cropped-Design-sem-nome-7.png\",\"width\":1641,\"height\":1131,\"caption\":\"EG CAP\"},\"image\":{\"@id\":\"https:\/\/egcapital.com.br\/#\/schema\/logo\/image\/\"}}]}<\/script>\n<!-- \/ Yoast SEO plugin. -->","yoast_head_json":{"title":"In\u00edcio - EG CAP","robots":{"index":"index","follow":"follow","max-snippet":"max-snippet:-1","max-image-preview":"max-image-preview:large","max-video-preview":"max-video-preview:-1"},"canonical":"https:\/\/egcapital.com.br\/","og_locale":"pt_BR","og_type":"article","og_title":"In\u00edcio - EG CAP","og_description":"Estruturas de investimento imobili\u00e1rio com vis\u00e3o propriet\u00e1ria de longo prazo Desenvolvemos e acompanhamos estruturas de capital para projetos imobili\u00e1rios, integrando mercado de capitais, governan\u00e7a societ\u00e1ria e disciplina financeira. Sobre n\u00f3s Capital exige disciplina estrutural A EG CAP atua na concep\u00e7\u00e3o, estrutura\u00e7\u00e3o e acompanhamento de estruturas de investimento voltadas ao setor imobili\u00e1rio e ativos reais. Nossa [&hellip;]","og_url":"https:\/\/egcapital.com.br\/","og_site_name":"EG CAP","article_modified_time":"2026-02-23T20:01:28+00:00","twitter_card":"summary_large_image","twitter_misc":{"Est. tempo de leitura":"1 minuto"},"schema":{"@context":"https:\/\/schema.org","@graph":[{"@type":"WebPage","@id":"https:\/\/egcapital.com.br\/","url":"https:\/\/egcapital.com.br\/","name":"In\u00edcio - EG CAP","isPartOf":{"@id":"https:\/\/egcapital.com.br\/#website"},"datePublished":"2026-02-23T12:46:24+00:00","dateModified":"2026-02-23T20:01:28+00:00","breadcrumb":{"@id":"https:\/\/egcapital.com.br\/#breadcrumb"},"inLanguage":"pt-BR","potentialAction":[{"@type":"ReadAction","target":["https:\/\/egcapital.com.br\/"]}]},{"@type":"BreadcrumbList","@id":"https:\/\/egcapital.com.br\/#breadcrumb","itemListElement":[{"@type":"ListItem","position":1,"name":"In\u00edcio","item":"https:\/\/egcapital.com.br\/"},{"@type":"ListItem","position":2,"name":"In\u00edcio"}]},{"@type":"WebSite","@id":"https:\/\/egcapital.com.br\/#website","url":"https:\/\/egcapital.com.br\/","name":"EG CAP","description":"Estruturas de investimento imobili\u00e1rio com vis\u00e3o propriet\u00e1ria de longo prazo","publisher":{"@id":"https:\/\/egcapital.com.br\/#organization"},"potentialAction":[{"@type":"SearchAction","target":{"@type":"EntryPoint","urlTemplate":"https:\/\/egcapital.com.br\/?s={search_term_string}"},"query-input":{"@type":"PropertyValueSpecification","valueRequired":true,"valueName":"search_term_string"}}],"inLanguage":"pt-BR"},{"@type":"Organization","@id":"https:\/\/egcapital.com.br\/#organization","name":"EG CAP","url":"https:\/\/egcapital.com.br\/","logo":{"@type":"ImageObject","inLanguage":"pt-BR","@id":"https:\/\/egcapital.com.br\/#\/schema\/logo\/image\/","url":"https:\/\/egcapital.com.br\/wp-content\/uploads\/2026\/02\/cropped-Design-sem-nome-7.png","contentUrl":"https:\/\/egcapital.com.br\/wp-content\/uploads\/2026\/02\/cropped-Design-sem-nome-7.png","width":1641,"height":1131,"caption":"EG CAP"},"image":{"@id":"https:\/\/egcapital.com.br\/#\/schema\/logo\/image\/"}}]}},"_links":{"self":[{"href":"https:\/\/egcapital.com.br\/index.php?rest_route=\/wp\/v2\/pages\/35","targetHints":{"allow":["GET"]}}],"collection":[{"href":"https:\/\/egcapital.com.br\/index.php?rest_route=\/wp\/v2\/pages"}],"about":[{"href":"https:\/\/egcapital.com.br\/index.php?rest_route=\/wp\/v2\/types\/page"}],"author":[{"embeddable":true,"href":"https:\/\/egcapital.com.br\/index.php?rest_route=\/wp\/v2\/users\/1"}],"replies":[{"embeddable":true,"href":"https:\/\/egcapital.com.br\/index.php?rest_route=%2Fwp%2Fv2%2Fcomments&post=35"}],"version-history":[{"count":72,"href":"https:\/\/egcapital.com.br\/index.php?rest_route=\/wp\/v2\/pages\/35\/revisions"}],"predecessor-version":[{"id":284,"href":"https:\/\/egcapital.com.br\/index.php?rest_route=\/wp\/v2\/pages\/35\/revisions\/284"}],"wp:attachment":[{"href":"https:\/\/egcapital.com.br\/index.php?rest_route=%2Fwp%2Fv2%2Fmedia&parent=35"}],"curies":[{"name":"wp","href":"https:\/\/api.w.org\/{rel}","templated":true}]}}